{"id":13172,"date":"2001-07-15T19:22:01","date_gmt":"2001-07-15T17:22:01","guid":{"rendered":"https:\/\/webdali.latempesta.eu\/ca\/obra\/ced\/textos-en-descarrega\/la-importancia-del-cotxe-en-l-obra-de-salvador-dali-l-automobil-vestit\/"},"modified":"2025-07-15T19:23:50","modified_gmt":"2025-07-15T17:23:50","slug":"la-importancia-del-cotxe-en-l-obra-de-salvador-dali-l-automobil-vestit","status":"publish","type":"textos-en-descarrega","link":"https:\/\/webdali.latempesta.eu\/ca\/obra\/ced\/textos-en-descarrega\/la-importancia-del-cotxe-en-l-obra-de-salvador-dali-l-automobil-vestit\/","title":{"rendered":"La import\u00e0ncia del cotxe en l&#8217;obra de Salvador Dal\u00ed: &#8220;l&#8217;autom\u00f2bil vestit&#8221;"},"content":{"rendered":"<p>Gaireb\u00e9 des del seu naixement, l&#8217;autom\u00f2bil apareix en l&#8217;art del segle XX com un s\u00edmbol de modernitat, joventut, energia, for\u00e7a, aud\u00e0cia i moviment, i tamb\u00e9 d&#8217;innovaci\u00f3, progr\u00e9s i rebel\u00b7lia. En aquests termes s&#8217;expressa justament Marinetti en el seu conegut manifest futurista: &#8220;un autom\u00f2bil de cursa, que sembla c\u00f3rrer sobre metralla, \u00e9s m\u00e9s bell que no pas la Vict\u00f2ria de Samotr\u00e0cia&#8221;.<\/p>\n<p>I d&#8217;aquesta manera s&#8217;expressa Salvador Dal\u00ed, juntament amb Llu\u00eds Montany\u00e0 i Sebasti\u00e0 Gasch, en el seu Manifest groc, un full volant del 1928 que cont\u00e9 algunes de les claus per contextualitzar la m\u00e0quina en la nova \u00e8poca: &#8220;El maquinisme ha fet evolucionar el m\u00f3n. S&#8217;ha format una sensibilitat postmaquinista. Els artistes actuals han creat un art nou d&#8217;acord amb aquesta sensibilitat. D&#8217;acord amb la seva \u00e8poca&#8221;. I afegeixen manifestacions del tipus: &#8220;Existeix el sal\u00f3 de l&#8217;autom\u00f2bil i l&#8217;aeron\u00e0utica&#8221; o &#8220;denunciem la manca absoluta de joventut dels nostres joves&#8221;.<\/p>\n<p>A difer\u00e8ncia de la majoria de surrealistes, Dal\u00ed representa sovint el cotxe en la seva producci\u00f3. Aix\u00ed, el trobem ja en obres molt primerenques, com ara en l&#8217;oli titulat Banyista (1924), retrat del seu amic Joan Xirau, en un dibuix del 1925 o a Noia de Figueres, del 1926, obra en la qual apareix el mot Ford i que Dal\u00ed ensenya a Picasso en la visita que li fa a Par\u00eds.<\/p>\n<p>Dal\u00ed, com era d&#8217;esperar, va m\u00e9s enll\u00e0, enriqueix els m\u00faltiples significats que s&#8217;atribueixen al cotxe i li aplica el seu m\u00e8tode paranoic cr\u00edtic i la seva especial concepci\u00f3 del m\u00f3n. Aix\u00ed, utilitza el cotxe fossilitzat que apareix a Monument imperial a la dona-nena (1929) per estendre en el temps la pres\u00e8ncia mineral i intemporal de les roques del cap de Creus. La pres\u00e8ncia de m\u00e0quines din\u00e0miques com ara cotxes o avions crea una dissociaci\u00f3 d&#8217;idees. Uneix la mat\u00e8ria f\u00f2ssil, el temps immemorial, amb l&#8217;element m\u00e9s recent en la hist\u00f2ria de l&#8217;home: la m\u00e0quina que proporciona mobilitat. El contrast d&#8217;idees i imatges serveix per despertar la imaginaci\u00f3 de l&#8217;espectador.<\/p>\n<p>De la mateixa manera, a Autom\u00f2bils vestits (1941) crea una nova dissociaci\u00f3 d&#8217;idees en vestir elegantment el Cadillac, amb robes dignes d&#8217;una casa d&#8217;alta costura. Li atorga glamour i distinci\u00f3, com fa tamb\u00e9 en alguns passatges de la seva novel\u00b7la Hidden Faces (Rostres ocults), del 1944, i alhora, al\u00b7ludeix a la doble imatge, a la il\u00b7lusi\u00f3 \u00f2ptica. La pres\u00e8ncia d&#8217;imatges enigm\u00e0tiques provoca en la nostra visi\u00f3 d&#8217;espectadors significats nous i ocults. Dal\u00ed juga amb la realitat, la descompon i la transforma.<\/p>\n<p>El cotxe \u00e9s una constant al llarg de la seva producci\u00f3 art\u00edstica. El 1976, al primer n\u00famero del seu Setmanari art\u00edstic empordan\u00e8s, escriu aquestes paraules sobre el Taxi pluj\u00f3s:<\/p>\n<p>&#8230; el fam\u00f3s Cadillac que Dal\u00ed va regalar a Gala i del qual n&#8217;existeixen sis. Un d&#8217;ells pertanyia al president Roosevelt, un altre a Clark Gable, etc. Aquesta \u00e9s la quarta reproducci\u00f3 del fam\u00f3s Taxi pluj\u00f3s, avui totes destru\u00efdes.<br \/>\nEl primer es va exhibir amb gran \u00e8xit en l&#8217;exposici\u00f3 surrealista de Par\u00eds. El segon, a l&#8217;Exposici\u00f3 Internacional de Nova York, i el tercer en la retrospectiva surrealista al Museu d&#8217;Art Modern de Nova York. I el quart \u00e9s aquest, que es troba permanentment al Museu Dal\u00ed.<\/p>\n<p>Nosaltres podem afegir encara que aquest Cadillac -Taxi pluj\u00f3s- \u00e9s l&#8217;element central de l&#8217;antic pati de butaques del teatre municipal de Figueres, avui dia convertit en Teatre-Museu Dal\u00ed, i que atreu l&#8217;atenci\u00f3 dels m\u00e9s de deu milions de persones que l&#8217;han visitat fins avui. Es tracta del Cadillac que condu\u00efa Gala i amb el qual, durant la seva estada als Estats Units, havien viatjat de costa a costa (foto 1).<\/p>\n<p>I el cotxe apareix de nou, doblement, en una de les seves darreres obres, Doble vict\u00f2ria de Gaud\u00ed (1982). L&#8217;artista ens pica l&#8217;ullet i plasma una Vict\u00f2ria de Samotr\u00e0cia dalinitzada, envoltada de dos autom\u00f2bils, retent aix\u00ed homenatge un cop m\u00e9s a aquesta m\u00e0quina complexa que desperta un ventall tan dispar de sentiments, potser tants com la contemplaci\u00f3 de la bellesa anomenada cl\u00e0ssica. Ja l&#8217;any 1929 Dal\u00ed havia escrit: &#8220;Les met\u00e0fores m\u00e9s perfectes i exactes se&#8217;ns ofereixen avui encunyades i ja objectivades per la ind\u00fastria&#8221;, una veritable declaraci\u00f3 de principis del credo modern.<\/p>\n","protected":false},"excerpt":{"rendered":"<p>Gaireb\u00e9 des del seu naixement, l&#8217;autom\u00f2bil apareix en l&#8217;art del segle XX com un s\u00edmbol de modernitat, joventut, energia, for\u00e7a, aud\u00e0cia i moviment, i tamb\u00e9 d&#8217;innovaci\u00f3, progr\u00e9s i rebel\u00b7lia. En aquests termes s&#8217;expressa justament Marinetti en el seu conegut manifest futurista: &#8220;un autom\u00f2bil de cursa, que sembla c\u00f3rrer sobre metralla, \u00e9s m\u00e9s bell que no [&hellip;]<\/p>\n","protected":false},"featured_media":13177,"menu_order":0,"template":"","format":"standard","meta":{"_acf_changed":false,"_coblocks_attr":"","_coblocks_dimensions":"","_coblocks_responsive_height":"","_coblocks_accordion_ie_support":""},"class_list":["post-13172","textos-en-descarrega","type-textos-en-descarrega","status-publish","format-standard","has-post-thumbnail","hentry"],"acf":[],"_links":{"self":[{"href":"https:\/\/webdali.latempesta.eu\/ca\/wp-json\/wp\/v2\/textos-en-descarrega\/13172","targetHints":{"allow":["GET"]}}],"collection":[{"href":"https:\/\/webdali.latempesta.eu\/ca\/wp-json\/wp\/v2\/textos-en-descarrega"}],"about":[{"href":"https:\/\/webdali.latempesta.eu\/ca\/wp-json\/wp\/v2\/types\/textos-en-descarrega"}],"wp:featuredmedia":[{"embeddable":true,"href":"https:\/\/webdali.latempesta.eu\/ca\/wp-json\/wp\/v2\/media\/13177"}],"wp:attachment":[{"href":"https:\/\/webdali.latempesta.eu\/ca\/wp-json\/wp\/v2\/media?parent=13172"}],"curies":[{"name":"wp","href":"https:\/\/api.w.org\/{rel}","templated":true}]}}

La importància del cotxe en l&#8217;obra de Salvador Dalí: &#8220;l&#8217;automòbil vestit&#8221;

<p>Gairebé des del seu naixement, l&#8217;automòbil apareix en l&#8217;art del segle XX com un símbol de modernitat, joventut, energia, força, audàcia i moviment, i també d&#8217;innovació, progrés i rebel·lia. En aquests termes s&#8217;expressa justament Marinetti en el seu conegut manifest futurista: &#8220;un automòbil de cursa, que sembla córrer sobre metralla, és més bell que no pas la Victòria de Samotràcia&#8221;.</p>
<p>I d&#8217;aquesta manera s&#8217;expressa Salvador Dalí, juntament amb Lluís Montanyà i Sebastià Gasch, en el seu Manifest groc, un full volant del 1928 que conté algunes de les claus per contextualitzar la màquina en la nova època: &#8220;El maquinisme ha fet evolucionar el món. S&#8217;ha format una sensibilitat postmaquinista. Els artistes actuals han creat un art nou d&#8217;acord amb aquesta sensibilitat. D&#8217;acord amb la seva època&#8221;. I afegeixen manifestacions del tipus: &#8220;Existeix el saló de l&#8217;automòbil i l&#8217;aeronàutica&#8221; o &#8220;denunciem la manca absoluta de joventut dels nostres joves&#8221;.</p>
<p>A diferència de la majoria de surrealistes, Dalí representa sovint el cotxe en la seva producció. Així, el trobem ja en obres molt primerenques, com ara en l&#8217;oli titulat Banyista (1924), retrat del seu amic Joan Xirau, en un dibuix del 1925 o a Noia de Figueres, del 1926, obra en la qual apareix el mot Ford i que Dalí ensenya a Picasso en la visita que li fa a París.</p>
<p>Dalí, com era d&#8217;esperar, va més enllà, enriqueix els múltiples significats que s&#8217;atribueixen al cotxe i li aplica el seu mètode paranoic crític i la seva especial concepció del món. Així, utilitza el cotxe fossilitzat que apareix a Monument imperial a la dona-nena (1929) per estendre en el temps la presència mineral i intemporal de les roques del cap de Creus. La presència de màquines dinàmiques com ara cotxes o avions crea una dissociació d&#8217;idees. Uneix la matèria fòssil, el temps immemorial, amb l&#8217;element més recent en la història de l&#8217;home: la màquina que proporciona mobilitat. El contrast d&#8217;idees i imatges serveix per despertar la imaginació de l&#8217;espectador.</p>
<p>De la mateixa manera, a Automòbils vestits (1941) crea una nova dissociació d&#8217;idees en vestir elegantment el Cadillac, amb robes dignes d&#8217;una casa d&#8217;alta costura. Li atorga glamour i distinció, com fa també en alguns passatges de la seva novel·la Hidden Faces (Rostres ocults), del 1944, i alhora, al·ludeix a la doble imatge, a la il·lusió òptica. La presència d&#8217;imatges enigmàtiques provoca en la nostra visió d&#8217;espectadors significats nous i ocults. Dalí juga amb la realitat, la descompon i la transforma.</p>
<p>El cotxe és una constant al llarg de la seva producció artística. El 1976, al primer número del seu Setmanari artístic empordanès, escriu aquestes paraules sobre el Taxi plujós:</p>
<p>&#8230; el famós Cadillac que Dalí va regalar a Gala i del qual n&#8217;existeixen sis. Un d&#8217;ells pertanyia al president Roosevelt, un altre a Clark Gable, etc. Aquesta és la quarta reproducció del famós Taxi plujós, avui totes destruïdes.<br />
El primer es va exhibir amb gran èxit en l&#8217;exposició surrealista de París. El segon, a l&#8217;Exposició Internacional de Nova York, i el tercer en la retrospectiva surrealista al Museu d&#8217;Art Modern de Nova York. I el quart és aquest, que es troba permanentment al Museu Dalí.</p>
<p>Nosaltres podem afegir encara que aquest Cadillac -Taxi plujós- és l&#8217;element central de l&#8217;antic pati de butaques del teatre municipal de Figueres, avui dia convertit en Teatre-Museu Dalí, i que atreu l&#8217;atenció dels més de deu milions de persones que l&#8217;han visitat fins avui. Es tracta del Cadillac que conduïa Gala i amb el qual, durant la seva estada als Estats Units, havien viatjat de costa a costa (foto 1).</p>
<p>I el cotxe apareix de nou, doblement, en una de les seves darreres obres, Doble victòria de Gaudí (1982). L&#8217;artista ens pica l&#8217;ullet i plasma una Victòria de Samotràcia dalinitzada, envoltada de dos automòbils, retent així homenatge un cop més a aquesta màquina complexa que desperta un ventall tan dispar de sentiments, potser tants com la contemplació de la bellesa anomenada clàssica. Ja l&#8217;any 1929 Dalí havia escrit: &#8220;Les metàfores més perfectes i exactes se&#8217;ns ofereixen avui encunyades i ja objectivades per la indústria&#8221;, una veritable declaració de principis del credo modern.</p>

<p>Gairebé des del seu naixement, l&#8217;automòbil apareix en l&#8217;art del segle XX com un símbol de modernitat, joventut, energia, força, audàcia i moviment, i també d&#8217;innovació, progrés i rebel·lia. En aquests termes s&#8217;expressa justament Marinetti en el seu conegut manifest futurista: &#8220;un automòbil de cursa, que sembla córrer sobre metralla, és més bell que no [&hellip;]</p>
